
5, 7
List the prime factors of -1 + (6 - 0) + 377.
2, 191
Suppose -2*t + 11 = -3*t + s, -1 = -t - 5*s. Let n(y) = y + 9. Let w be n(t). Suppose w = -4*f - 0*f + 88. What are the prime factors of f?
2, 11
What are the prime factors of -5 + 1 + -2 + 492 - -1?
487
Let o(g) = -g**3 + g**2 + 12*g - 8. Let t be o(-7). Let y = t + -207. What are the prime factors of y?
3, 31
Let z = -245 - -1305. What are the prime factors of z?
2, 5, 53
What are the prime factors of 2/4 - (-66087)/126?
3, 5, 7
Suppose 0 = -4*j + 636 + 328. Let q = 368 - j. What are the prime factors of q?
127
Let m be 6/(-27) + 14/63. Suppose m = -0*w + 2*w. Suppose 2*u + w*u - 18 = 3*q, -2*u + 4*q = -18. What are the prime factors of u?
3
Suppose 18*b - 20006 = 29296. What are the prime factors of b?
3, 11, 83
Let r be (5 - 3)*18/4. Let m(d) = -r*d - 9 - 10*d - 9*d + 36*d. List the prime factors of m(7).
47
Suppose 19*l = 38*l - 12540. What are the prime factors of l?
2, 3, 5, 11
Suppose -k + 113 = -61. Let g = k + -112. List the prime factors of g.
2, 31
Let i = 7 + 274. List the prime factors of i.
281
Suppose -2*w - 2*m + 32 = 0, -w - 3*m - 11 = -37. Let u = w + 6. Suppose 3*s = 22 + u. List the prime factors of s.
13
Let v(g) = 47*g**2 + 6*g + 8. Let h be v(-2). Let k = h - -34. List the prime factors of k.
2, 109
What are the prime factors of -119*3/(15/(-35))?
7, 17
Let v = -49 - -74. Let b be 3*(-4)/(16/(-4)). Suppose 32 + v = b*q. What are the prime factors of q?
19
Suppose -42 = -3*z + 15. Suppose -z = -2*a + 5*x, 2*x - 3*x = -4*a + 47. What are the prime factors of a?
2, 3
List the prime factors of -7 + 306/45 - (-13462)/10.
2, 673
Let z(d) = -10*d + 2. Let i(u) = 1. Let l = 3 - 2. Let p(r) = l*z(r) - i(r). List the prime factors of p(-2).
3, 7
Let h(o) = o - 11. Let w be h(-5). Suppose -2*i - 5*j + 64 = 0, -3*i = -2*i + 2*j - 32. Let r = w + i. List the prime factors of r.
2
Suppose -1076 = -4*a + 2*n, 0 = 5*a - 2*n - 1353 + 7. What are the prime factors of a?
2, 3, 5
Let l(w) = 3*w**2 + 2*w + 3. Suppose 4 = 2*h - d - d, -2*h = 3*d - 24. Let p be l(h). List the prime factors of p/6 - (-2)/(-4).
2, 5
Let l(b) = -b**2 + 2*b + 2. Let r(m) = 5*m**2 - 9*m - 8. Let n(j) = -9*l(j) - 2*r(j). Let s be n(0). List the prime factors of (3*(s - 2))/(-2).
2, 3
What are the prime factors of (-1)/(((-21)/(-14304))/(-7))?
2, 149
Let z(d) = 25*d**2 - 88*d - 20. List the prime factors of z(12).
2, 631
Let t = -10 - 66. Let s = -65 - t. List the prime factors of s.
11
Let d(z) = -z**2 + z - 1. Let b(u) = -6*u**2 + 2. Let t(p) = b(p) - 4*d(p). Let q be t(-6). Let y = -28 - q. What are the prime factors of y?
2, 7
Let u be (-50)/(-6) + (-3)/9. Let q(p) = p**2 - 7*p + 2. Let r be q(u). Suppose -16*k = -15*k - r. List the prime factors of k.
2, 5
Let l = -482 + 752. List the prime factors of l.
2, 3, 5
Suppose -p = 17 - 297. Suppose 4*y + 4*h + h - p = 0, 2*y - 3*h = 162. What are the prime factors of y?
3, 5
Suppose -o - 254 + 909 = 0. What are the prime factors of o?
5, 131
Let o be 0/(-1) - (-2 - 0). Let r be (-35)/(-11) + o/(-11). Suppose v = -r*v + 32. What are the prime factors of v?
2
Let n(i) = 0*i**2 + i**2 - 3*i + 0 + 2. Let f(b) = 10*b - 3. Let y be f(1). List the prime factors of n(y).
2, 3, 5
Let m(d) = -2*d + 1. Let a be m(-1). Suppose -5*h - 30 = -5*j, -5 - 3 = -j + a*h. Suppose 3*w = -3, p - 8 = j*w + 9. What are the prime factors of p?
2, 3
Suppose 5*l = -4*g + 677, 0 = 2*l + 2*l - 2*g - 552. What are the prime factors of l?
137
Let j be 188/(-28) + 4/(-14). Let y = -2 - j. Suppose -17 = -y*x + 68. List the prime factors of x.
17
Let o be 8393/49 + 18/(-14) + 1. Let g = o + -103. What are the prime factors of g?
2, 17
Suppose 4*c - 1601 = r, 5*c + 0*r - 3*r = 2003. Suppose -336 = -8*v + c. List the prime factors of v.
2, 23
Suppose -93*k + 106*k - 4446 = 0. List the prime factors of k.
2, 3, 19
Let v = -60 - -65. Suppose 2*q + 228 = v*q. What are the prime factors of q?
2, 19
Suppose -11*d + 9*d + 112 = 0. List the prime factors of ((-1218)/d)/((-1)/4).
3, 29
Let n(v) = v**3 + 6*v**2 + v + 1. Let k be n(-6). List the prime factors of (k/15)/1*-6.
2
Let l be 96/(-7) - 2/7. Let c(g) = 3*g**2 - 13*g + 7. Let h be c(5). Let m = h + l. What are the prime factors of m?
3
Let n = -3 - -7. Suppose n*v - 18 = -2. Suppose -3 - 9 = -v*o. What are the prime factors of o?
3
Let i(y) be the first derivative of y**4/4 - 5*y**2/2 + 6. Let v(n) be the second derivative of i(n). What are the prime factors of v(6)?
2, 3
Let m(g) be the second derivative of g**7/1260 - g**6/720 + g**5/60 + 5*g**4/12 + 4*g. Let n(l) be the third derivative of m(l). List the prime factors of n(4).
2, 3, 5
Let p(t) = -t**3 + 5*t**2 - 4*t - 1. Let y be p(4). Let l be y/((-4)/(-8)) + 2. Suppose -q + 27 = n + 2*n, l = -5*q - 3*n + 75. What are the prime factors of q?
2, 3
Let p(o) = -o + 11. Let j be p(6). Suppose -3*g + 2*g - 3 = 0, -179 = -j*w + 3*g. What are the prime factors of w?
2, 17
Let t(s) = s**3 - 23*s**2 + 26*s - 27. Let l be t(22). Suppose -l + 10 = -f. What are the prime factors of f?
3, 17
Let w be (-2)/(-5) + 365/25 - -1. Let u = w + 30. List the prime factors of u.
2, 23
Suppose 2*z = -2*j + 10, 6*j = j + 3*z + 25. Suppose j*d - 40 = 200. What are the prime factors of d?
2, 3
What are the prime factors of ((-4550)/(-39))/((-5)/((-210)/4))?
5, 7
Let l = -562 + 865. What are the prime factors of l?
3, 101
Let z be (12/8)/(9/240). Let c(i) = -19*i + 2. Let g be c(1). Let w = g + z. What are the prime factors of w?
23
Suppose -15*m = -121 - 7379. What are the prime factors of m?
2, 5
Let y = 10439 + -6152. List the prime factors of y.
3, 1429
Let c(q) = -q**2 + 11*q - 8. Let o be c(7). Suppose -7*a + o = -3*a. Suppose -2*f = -2*b + 3*f + 18, -10 = -a*f. List the prime factors of b.
2, 7
Suppose -202*b + 141*b + 279563 = 0. List the prime factors of b.
4583
Let x(h) = h**2 - 10*h + 8. Let j be x(10). Let t = 8 - j. Suppose t = -2*s + 6*s - 104. List the prime factors of s.
2, 13
Let p be (-197)/(-3) + 5/15. Suppose p = -4*u + 5*u. What are the prime factors of u?
2, 3, 11
Suppose 11*p - 6*p - 630 = 0. Let h = p - 43. What are the prime factors of h?
83
Let d = 92 + -16. What are the prime factors of (d/(-14))/(3/(-21))?
2, 19
Let u(i) = -11*i**2 - 10*i - 9*i - i**3 + 11*i - 15. What are the prime factors of u(-11)?
73
Let g = -2050 - -58. What are the prime factors of (-4)/(-10) + (3 - g/20)?
103
Let n = 7 + -59. Let c = n + 82. What are the prime factors of c?
2, 3, 5
Suppose t - 441 = 92. Suppose t = -16*x + 1829. List the prime factors of x.
3
Suppose 3619 = u - 437. What are the prime factors of u?
2, 3, 13
Let r(t) = 79*t + 50 - 14 - 74*t. What are the prime factors of r(0)?
2, 3
Suppose 0 = 5*y + 4*g - 165, -g + 92 = 3*y - 0*g. Let d = y + 38. Let f = d + -39. List the prime factors of f.
2, 7
Suppose 4*w - 4*a = 20836, 157*w - 154*w + 2*a - 15632 = 0. List the prime factors of w.
2, 5, 521
Let i = 2390 - 1226. What are the prime factors of i?
2, 3, 97
Suppose 4*p + 7 = -5*l, l = 5*p - p - 11. List the prime factors of 47 + l/(-1) + -4.
2, 23
List the prime factors of ((-5)/2)/(10 - (-5480)/(-544)).
2, 17
Suppose 0*m + 35 = 5*m. Suppose -97 = -w - m. List the prime factors of w.
2, 3, 5
Suppose -2*x - 50 = 3*x. Let i be ((-3)/(-5))/((-2)/x). Suppose i*o = 5*f + 102, 5*f = 5*o - 184 + 14. What are the prime factors of o?
2, 17
Let i be ((-2)/4)/((-1)/(-8)). Let f(m) = -m**3 - 4*m**2 - 2*m + 3. Let w be f(i). Suppose -w - 69 = -4*l - 2*s, 5*s - 2 = -l. What are the prime factors of l?
2, 11
Suppose -8 = y + 3*y. Let t be (28/21)/(y/(-6)). Suppose -19 = t*p - 51. What are the prime factors of p?
2
Let a(s) = s**3 - 3*s**2 + s - 1. Let d be a(3). Suppose -d*l = 3*l - 95. List the prime factors of l.
19
Let t = -234 + 458. List the prime factors of t.
2, 7
List the prime factors of -1257*11/((-99)/6).
2, 419
Let c be (-5 + 4)*2*(-519)/2. Let l = -293 + c. List the prime factors of l.
2, 113
Suppose 26*k - 50*k + 47256 = 0. What are the prime factors of k?
11, 179
Let f(v) = v**2 - 7*v + 17. Let s be f(7). Let l = s - -10. What are the prime factors of l?
3
Let h(n) = 41*n**2 + 181*n + 868. What are the prime factors of h(-5)?
2, 13, 19
Suppose -h = 56 - 1212. What are the prime factors of h?
2, 17
Let